45 - 49. Let x be p + (0 - (-43 + -4)). Suppose -4*s - x = -519. What is the tens digit of s?
1
Let i be (-30636)/(-14) + 6/(-21). Suppose -5*a + 2*n = -2*a - i, 4*a - 5*n = 2922. What is the units digit of a?
8
Suppose -y + 41*x = 38*x - 4539, -3*y - 3*x = -13689. What is the thousands digit of y?
4
Let n = 58 + -98. What is the hundreds digit of 2 + n/15 - 1702/(-6)?
2
Let z be 1 + (870/45)/((-2)/51). Let y = 928 + z. What is the hundreds digit of y?
4
Let d = -6124 + 10082. Suppose 14 - d = -4*o. What is the units digit of o?
6
Let b = -2711 - -1514. Let u = b - -1937. What is the hundreds digit of u?
7
Let x(w) = 22*w**3 - 7*w**2 - 12*w. Let z(b) = b**3 - b**2 - b + 1. Let j(c) = -x(c) + 6*z(c). Let i be j(-2). Let d = i - 70. What is the units digit of d?
6
Suppose 4*y + 5*q - 232 = 66, y - 4*q - 64 = 0. Suppose 0 = -4*n + 4*g + y, 2*n = 3*g - 7 + 47. Suppose -c = 12 - n. What is the units digit of c?
2
Let p = 39 + -39. Let d = -115 + 161. Suppose p = -42*g + d*g - 332. What is the units digit of g?
3
Let m be 10*162/(-8)*(-4 - 4). Suppose -2*s = -4*r - m, -3*s + 3*r = -r - 2422. What is the hundreds digit of s?
8
Let i(t) = -39*t**2 - 4*t + 1. Let j(s) = -19*s**2 - 2*s. Let g(c) = 4*i(c) - 9*j(c). Let y be g(-4). Suppose -9*k = -5*k - y. What is the tens digit of k?
5
Let i(w) = -880*w - 579. What is the units digit of i(-7)?
1
Let f be 3/(-5) + 18/30. Suppose f = -3*u - 6, -4*s - 2*u + 706 + 82 = 0. What is the hundreds digit of s?
1
Let k be 2/(-6) + 544/3. Let h(d) = -2*d**3 + 2*d**2 - 4*d - 6. Let r be h(-1). Suppose r*v - 5*t = 171, 4*v + t = 106 + k. What is the units digit of v?
3
Suppose 5*r - 4*m = 970, 3*r - 3*m = 172 + 410. Suppose 884 = 10*w + r. What is the units digit of w?
9
Let v = -581 + 526. What is the units digit of (-66)/v + 42/15 + 143?
7
Let z(o) = -2*o**3 + 127*o**2 + 50*o + 382. What is the tens digit of z(56)?
2
Suppose 2963*j = 2970*j - 39851. What is the hundreds digit of j?
6
Suppose 87*z - 90*z = -6828. Suppose 2*a + 3*i = -i + 1150, 4*a + 2*i = z. What is the tens digit of a?
6
Let x = 1162 + -1080. What is the tens digit of x?
8
Let s be -30*(-7)/(525/(-6))*-5. Suppose 8*b + 20 = s*b. Suppose b*n - 109 = 106. What is the units digit of n?
3
Suppose -15*l + 49120 = -7*l. Suppose 28*v - l = 10744. What is the hundreds digit of v?
6
Suppose 14*a - 11640 = -5*o + 9*a, -o = 5*a - 2340. What is the thousands digit of o?
2
Let k(q) = 18*q**2 - 86*q + 81. What is the ten thousands digit of k(27)?
1
Suppose 8*y = 39 + 17. Suppose 6 = -4*m + y*m. Suppose -m*d + 202 = -64. What is the tens digit of d?
3
Suppose 3*r - w + 91 = -0*r, 3*r + 2*w = -106. Let y = 35 + r. Suppose -y*z = -3, -4*h - z + 568 = -h. What is the hundreds digit of h?
1
Suppose 26*l + 30848 - 66737 = 346909. What is the ten thousands digit of l?
1
Suppose -63 = -6*y - 3. Suppose -16*f + y*f = -1320. Let k = 354 - f. What is the units digit of k?
4
Let x be (9 - 1)*((-1)/4)/(-1). Suppose 28 = x*b + 5*b. Suppose -68 = -4*d + b*f, 4*d + d = -4*f + 85. What is the units digit of d?
7
Suppose -3*q + q - 10 = 0, 11 = -4*f - 3*q. Suppose -388*r - 392*r - 9 = -783*r. What is the hundreds digit of f/r - (-2 - (-1480)/(-15))?
1
Let f = -116 - -108. What is the hundreds digit of ((-222)/f - 3)*240/18?
3
Let z = 1153 - 801. Let k = z - 294. What is the units digit of k?
8
Let s = -20 - -24. Suppose -s*r - 4*y = -1580, -3*y = 4*r - y - 1588. What is the hundreds digit of r?
3
Let a = -298 + 422. Let f = 137 - a. What is the units digit of f?
3
Let s be ((-242)/4)/((-1)/(-2)). Let q = 189 + s. What is the tens digit of q?
6
Let m = -3050 - -3611. What is the units digit of m?
1
Suppose b + o - 3 = 0, 7 = -b + o + 2. Let l(h) = -4*h**2 + h + 1. Let w be l(b). What is the tens digit of w/(-22) - (-2632)/44?
6
Let b(t) = 2*t**3 + 4*t**2 + 2*t - 63. Let q be b(-7). Let x = 164 - q. What is the hundreds digit of x?
7
Suppose -190985 = -18*g - m, 4*g + m - 2*m = 42435. What is the units digit of g?
0
Let q be (0 + (-8)/6)*1557/(-6). Let h = 479 + q. What is the tens digit of h?
2
Let d be 20/110 + (-93)/(-33). Suppose 4 = d*r - 2*u, -14 - 2 = -2*r - 2*u. What is the tens digit of (8/(-4) + r)*10?
2
Suppose -2*p - 871 = 5*h, -h + 7 = 12. Let i = 485 - p. What is the units digit of i?
8
Suppose 6*z = 23*g - 28*g + 317949, 0 = -3*z - 5*g + 158997. What is the ten thousands digit of z?
5
Let n be 4/3*30/20. Suppose 2*p - 6 = -l, -n*p + 2*l - 5*l = -10. Suppose p*h + 2*v - 46 = 0, h - 5*v = -0*v + 5. What is the units digit of h?
0
Suppose -3*k + 16 = 2*b + 3, 5*b = -k + 13. Let q be (-3 - 0)/(175/(-77) + b). Suppose 111 = -q*v + 12*v. What is the units digit of v?
1
Let c(l) be the first derivative of l**4/2 - 11*l**3/3 + 73*l**2/2 + l + 141. What is the hundreds digit of c(7)?
6
What is the hundreds digit of -5 - 362/(6/(-9)*48/64)?
7
Let y be ((-1)/(0 - -1))/((-46)/(-736)). Let c = y - -201. What is the units digit of c?
5
Let v = 220 - 218. Suppose -i = -5*y + 1958, -3*y - v*i + 0*i = -1167. What is the units digit of y?
1
Suppose 0*a - 3*a - 5*m + 2986 = 0, 4*m = 4*a - 4024. Let w = a + 667. What is the units digit of w?
9
What is the thousands digit of 6 + 193962/5 - (0 - (-4)/10)?
8
Suppose 26*w = 20 - 176. Let c(h) = -h**3 + h**2 + 5*h - 5. What is the hundreds digit of c(w)?
2
Suppose 28*w - 14*w = 3010. Let b = 410 - w. What is the units digit of b?
5
Let d(g) = 7*g**2 + 28. Suppose 8*u + 18 = 14*u. What is the tens digit of d(u)?
9
Suppose -5*r + 4*a + 482 = 9, 2*r + 2*a - 182 = 0. Suppose 3*n - 13*v + 18*v - 285 = 0, n = -v + r. What is the tens digit of n?
9
Let l(f) be the third derivative of 0 + 7*f**2 + 0*f + f**3 + 1/4*f**4. What is the tens digit of l(5)?
3
Let d be ((-64)/24 - 1*-3)*87. Suppose 480 = 4*f - 4*i, -4*i = f + 34 - 154. Suppose r - d = f. What is the hundreds digit of r?
1
Let w(b) = -16*b + 118. Let k be w(6). Let r(y) = -y**3 + 22*y**2 + 34*y + 32. What is the tens digit of r(k)?
8
Let u(k) = 6*k**2 - 24*k - 1255. What is the thousands digit of u(41)?
7
What is the hundreds digit of ((-5)/(-20))/((-14)/(-617512))?
0
Let w be (-36)/24 + (-3)/(18/1011). Let r(s) = 3*s**3 + 3*s**2 - s - 1. Let y be r(-3). Let q = y - w. What is the hundreds digit of q?
1
Suppose 0 = -30*v - 13064 + 2594. Let z = 1063 + v. What is the tens digit of z?
1
Suppose 12569 + 93167 = 7*h - 1287. What is the tens digit of h?
8
Suppose -328*q + 325*q + 72258 = 3*r, 0 = -3*q + 5*r + 72282. What is the hundreds digit of q?
0
Suppose 0 = 45*m - 43*m - 30. Suppose -5*j + 15 = -m. Suppose 0 = -2*k + 4*s + 30, -4*k - 3*s - 27 = -j*k. What is the units digit of k?
9
Let n = -28 + 142. Let i = 616 - n. What is the hundreds digit of i?
5
Suppose 159*c - 155*c - 1384 = 0. Suppose 35*h = 34*h + c. What is the units digit of h?
6
Suppose -2*x = 5*a - 29, -2*x + 1 = 2*a - 13. Suppose -3*i + d = -300, -3*i = x*i + 3*d - 486. What is the units digit of i/6 - (-2)/(-4)?
6
Suppose 101123 = 26*x - 170343. What is the units digit of x?
1
Let i be (-4)/(-3)*(-24)/(-16). Suppose 7*f + 23 = i. What is the units digit of ((-20)/(-5))/((-2)/f)?
6
Let x = 43 - -45. Let z = -78 + x. Suppose -2*u - 184 = -z*u. What is the tens digit of u?
2
Suppose 79*q - 7648704 = 57*q - 125*q. What is the thousands digit of q?
2
Let m = 2886 - 2883. Let t = -1 - -1. Suppose -6*x + 7*x - m*v - 133 = t, 20 = 4*v. What is the tens digit of x?
4
Let m(j) = 2*j**2 + 3*j + 14. Let x be m(-3). Suppose -x*c = -21478 - 6904. What is the hundreds digit of c?
2
Let z = -18 - -3. Let t be (2/5)/((-3)/z). Suppose 3*q = -4*u + 295, t*q - 147 = -2*u + 1. What is the units digit of u?
3
Let r be 2/6 - 110*(-6)/(-36). What is the tens digit of (2781/r)/((-2)/4)?
0
Suppose 13*w - 5*w = -2072. What is the units digit of (1 - 2)*2*w/2?
9
Let w = 22986 + -12517. What is the thousands digit of w?
0
Let v be 9/6*((-1)/(-1) + -63). Let p = 194 - v. What is the hundreds digit of p?
2
Suppose -3*t - 31 = -169. Let p = -28 + t. Let i = p + -14. What is the units digit of i?
4
Suppose m - 6 = -2*m + 3*l, m - 5*l = -6. Let a be (-18)/(-12)*m/3. Suppose 0 = -a*d - d + 27. What is the units digit of d?
9
Let k be (60/(-14))/((-2)/(-14)). Let y = 46 + k. Suppose 8*s - 136 = y. What is the units digit of s?
9
Suppose 37 + 14 = 3*h. Let r